| Server IP : 162.214.74.102 / Your IP : 216.73.217.179 Web Server : Apache System : Linux dedi-4363141.lrsys.com.br 3.10.0-1160.119.1.el7.tuxcare.els25.x86_64 #1 SMP Wed Oct 1 17:37:27 UTC 2025 x86_64 User : lrsys ( 1015) PHP Version : 5.6.40 Disable Function : exec,passthru,shell_exec,system MySQL : ON | cURL : ON | WGET : ON | Perl : ON | Python : ON | Sudo : ON | Pkexec : ON Directory : /home/lrsys/./././././././././././access-logs/ |
Upload File : |
66.249.77.36 - - [28/Jul/2026:11:51:41 -0300] "GET /application/plugins/module_imobles/uploads/enterprise/4292/images/ HTTP/1.1" 200 9502 "-" "Mozilla/5.0 (Linux; Android 6.0.1; Nexus 5X Build/MMB29P) AppleWebKit/537.36 (KHTML, like Gecko) Chrome/150.0.7871.128 Mobile Safari/537.36 (compatible; Googlebot/2.1; +http://www.google.com/bot.html)"
66.249.77.34 - - [28/Jul/2026:12:27:14 -0300] "GET /application/plugins/module_imobles/uploads/enterprise/4971/images/ HTTP/1.1" 200 8249 "-" "Mozilla/5.0 (Linux; Android 6.0.1; Nexus 5X Build/MMB29P) AppleWebKit/537.36 (KHTML, like Gecko) Chrome/150.0.7871.128 Mobile Safari/537.36 (compatible; Googlebot/2.1; +http://www.google.com/bot.html)"
94.154.43.186 - - [28/Jul/2026:13:07:20 -0300] "GET / HTTP/1.1" 302 - "-" "Mozilla/5.0 (Windows NT 10.0; Win64; x64) AppleWebKit/537.36 (KHTML, like Gecko) Chrome/147.0.0.0 Safari/537.36"
94.154.43.177 - - [28/Jul/2026:13:07:21 -0300] "GET / HTTP/1.1" 302 - "-" "Mozilla/5.0 (Windows NT 10.0; Win64; x64) AppleWebKit/537.36 (KHTML, like Gecko) Chrome/147.0.0.0 Safari/537.36"
94.154.43.188 - - [28/Jul/2026:13:07:21 -0300] "GET / HTTP/1.1" 302 - "-" "Mozilla/5.0 (Windows NT 10.0; Win64; x64) AppleWebKit/537.36 (KHTML, like Gecko) Chrome/147.0.0.0 Safari/537.36"
94.154.43.178 - - [28/Jul/2026:13:07:22 -0300] "GET / HTTP/1.1" 302 - "-" "Mozilla/5.0 (Windows NT 10.0; Win64; x64) AppleWebKit/537.36 (KHTML, like Gecko) Chrome/147.0.0.0 Safari/537.36"
66.249.77.36 - - [28/Jul/2026:13:12:53 -0300] "GET /application/plugins/module_imobles/uploads/temp/imobles_sugestoes_612_05_2021_18_29_54.pdf HTTP/1.1" 200 525083 "-" "Mozilla/5.0 (Linux; Android 6.0.1; Nexus 5X Build/MMB29P) AppleWebKit/537.36 (KHTML, like Gecko) Chrome/150.0.7871.128 Mobile Safari/537.36 (compatible; Googlebot/2.1; +http://www.google.com/bot.html)"
66.249.77.34 - - [28/Jul/2026:13:19:25 -0300] "GET /application/plugins/module_imobles/uploads/enterprise/3120/ HTTP/1.1" 200 970 "-" "Mozilla/5.0 (Linux; Android 6.0.1; Nexus 5X Build/MMB29P) AppleWebKit/537.36 (KHTML, like Gecko) Chrome/150.0.7871.128 Mobile Safari/537.36 (compatible; Googlebot/2.1; +http://www.google.com/bot.html)"
114.119.130.95 - - [28/Jul/2026:13:21:31 -0300] "GET /application/plugins/module_imobles/uploads/enterprise/47/images/xlg/_3384ace9048375162370451910731017.webp HTTP/1.1" 200 24026 "https://imobles.lrsys.com.br/application/plugins/module_imobles/uploads/enterprise/47/images/xlg/?C=D%3BO%3DA" "Mozilla/5.0 (Linux; Android 7.0;) AppleWebKit/537.36 (HTML, like Gecko) Mobile Safari/537.36 (compatible; PetalBot;+https://webmaster.petalsearch.com/site/petalbot)"
66.249.77.36 - - [28/Jul/2026:13:44:03 -0300] "GET /application/plugins/module_imobles/uploads/temp/imobles_sugestoes_213_07_2021_12_56_22.pdf HTTP/1.1" 304 - "-" "Mozilla/5.0 (Linux; Android 6.0.1; Nexus 5X Build/MMB29P) AppleWebKit/537.36 (KHTML, like Gecko) Chrome/150.0.7871.128 Mobile Safari/537.36 (compatible; Googlebot/2.1; +http://www.google.com/bot.html)"
114.119.153.118 - - [28/Jul/2026:13:52:02 -0300] "GET /application/plugins/module_imobles/uploads/enterprise/693/images/xlg/_d3802b1d542100163484522610484441.webp HTTP/1.1" 200 15460 "https://imobles.lrsys.com.br/application/plugins/module_imobles/uploads/enterprise/693/images/xlg/?C=S%3BO%3DA" "Mozilla/5.0 (Linux; Android 7.0;) AppleWebKit/537.36 (HTML, like Gecko) Mobile Safari/537.36 (compatible; PetalBot;+https://webmaster.petalsearch.com/site/petalbot)"
114.119.158.6 - - [28/Jul/2026:13:53:25 -0300] "GET /application/plugins/module_imobles/uploads/enterprise/576/images/xxl/_71ee911d948052163535185210109104.webp HTTP/1.1" 200 15688 "https://imobles.lrsys.com.br/application/plugins/module_imobles/uploads/enterprise/576/images/xxl/?C=D%3BO%3DA" "Mozilla/5.0 (Linux; Android 7.0;) AppleWebKit/537.36 (HTML, like Gecko) Mobile Safari/537.36 (compatible; PetalBot;+https://webmaster.petalsearch.com/site/petalbot)"
114.119.130.152 - - [28/Jul/2026:13:54:50 -0300] "GET /application/plugins/module_imobles/uploads/enterprise/628/images/17390_147540e1558288162198843810168813.webp HTTP/1.1" 200 38562 "https://imobles.lrsys.com.br/application/plugins/module_imobles/uploads/enterprise/628/images/?C=S%3BO%3DA" "Mozilla/5.0 (Linux; Android 7.0;) AppleWebKit/537.36 (HTML, like Gecko) Mobile Safari/537.36 (compatible; PetalBot;+https://webmaster.petalsearch.com/site/petalbot)"
114.119.130.95 - - [28/Jul/2026:14:24:18 -0300] "GET /application/plugins/module_imobles/uploads/enterprise/125/images/xlg/_b9b72b29774643162195152310874752.webp HTTP/1.1" 200 48682 "https://imobles.lrsys.com.br/application/plugins/module_imobles/uploads/enterprise/125/images/xlg/?C=D%3BO%3DA" "Mozilla/5.0 (Linux; Android 7.0;) AppleWebKit/537.36 (HTML, like Gecko) Mobile Safari/537.36 (compatible; PetalBot;+https://webmaster.petalsearch.com/site/petalbot)"
66.249.77.36 - - [28/Jul/2026:14:42:06 -0300] "GET /application/plugins/module_imobles/uploads/temp/imobles_sugestoes_292330_09_2021_16_29_50.pdf HTTP/1.1" 304 - "-" "Mozilla/5.0 (Linux; Android 6.0.1; Nexus 5X Build/MMB29P) AppleWebKit/537.36 (KHTML, like Gecko) Chrome/150.0.7871.128 Mobile Safari/537.36 (compatible; Googlebot/2.1; +http://www.google.com/bot.html)"
66.249.77.36 - - [28/Jul/2026:14:43:50 -0300] "GET /application/plugins/module_imobles/uploads/temp/imobles_sugestoes_329813_10_2021_11_43_04.pdf HTTP/1.1" 200 917914 "-" "Mozilla/5.0 (Linux; Android 6.0.1; Nexus 5X Build/MMB29P) AppleWebKit/537.36 (KHTML, like Gecko) Chrome/150.0.7871.128 Mobile Safari/537.36 (compatible; GoogleOther)"
94.154.43.184 - - [28/Jul/2026:14:44:26 -0300] "GET /.env HTTP/1.1" 404 - "-" "Mozilla/5.0 (Windows NT 10.0; Win64; x64) AppleWebKit/537.36 (KHTML, like Gecko) Chrome/147.0.0.0 Safari/537.36"
66.249.77.34 - - [28/Jul/2026:14:44:40 -0300] "GET /application/plugins/module_imobles/uploads/enterprise/2180/ HTTP/1.1" 200 970 "-" "Mozilla/5.0 (Linux; Android 6.0.1; Nexus 5X Build/MMB29P) AppleWebKit/537.36 (KHTML, like Gecko) Chrome/150.0.7871.128 Mobile Safari/537.36 (compatible; Googlebot/2.1; +http://www.google.com/bot.html)"
66.249.77.34 - - [28/Jul/2026:14:52:47 -0300] "GET /application/plugins/module_imobles/uploads/temp/imobles_sugestoes_224_08_2021_18_31_11.pdf HTTP/1.1" 304 - "-" "Mozilla/5.0 (Linux; Android 6.0.1; Nexus 5X Build/MMB29P) AppleWebKit/537.36 (KHTML, like Gecko) Chrome/150.0.7871.128 Mobile Safari/537.36 (compatible; Googlebot/2.1; +http://www.google.com/bot.html)"
66.249.77.34 - - [28/Jul/2026:14:53:08 -0300] "GET /application/plugins/module_imobles/uploads/enterprise/38/images/ HTTP/1.1" 200 33485 "-" "Mozilla/5.0 (Linux; Android 6.0.1; Nexus 5X Build/MMB29P) AppleWebKit/537.36 (KHTML, like Gecko) Chrome/150.0.7871.128 Mobile Safari/537.36 (compatible; GoogleOther)"
66.249.77.36 - - [28/Jul/2026:15:04:43 -0300] "GET /application/plugins/module_imobles/uploads/enterprise/3666/images/ HTTP/1.1" 200 17599 "-" "Mozilla/5.0 (Linux; Android 6.0.1; Nexus 5X Build/MMB29P) AppleWebKit/537.36 (KHTML, like Gecko) Chrome/150.0.7871.128 Mobile Safari/537.36 (compatible; Googlebot/2.1; +http://www.google.com/bot.html)"
66.249.77.36 - - [28/Jul/2026:15:23:26 -0300] "GET /application/plugins/module_imobles/uploads/temp/imobles_sugestoes_612_05_2021_16_05_49.pdf HTTP/1.1" 200 111423 "-" "Mozilla/5.0 (Linux; Android 6.0.1; Nexus 5X Build/MMB29P) AppleWebKit/537.36 (KHTML, like Gecko) Chrome/150.0.7871.128 Mobile Safari/537.36 (compatible; Googlebot/2.1; +http://www.google.com/bot.html)"
66.249.77.36 - - [28/Jul/2026:15:37:07 -0300] "GET /application/plugins/module_imobles/uploads/temp/imobles_sugestoes_228_09_2021_18_51_08.pdf HTTP/1.1" 200 611121 "-" "Mozilla/5.0 (Linux; Android 6.0.1; Nexus 5X Build/MMB29P) AppleWebKit/537.36 (KHTML, like Gecko) Chrome/150.0.7871.128 Mobile Safari/537.36 (compatible; GoogleOther)"
66.249.77.34 - - [28/Jul/2026:15:37:09 -0300] "GET /application/plugins/module_imobles/uploads/temp/imobles_sugestoes_327008_10_2021_12_08_00.pdf HTTP/1.1" 200 549629 "-" "Mozilla/5.0 (Linux; Android 6.0.1; Nexus 5X Build/MMB29P) AppleWebKit/537.36 (KHTML, like Gecko) Chrome/150.0.7871.128 Mobile Safari/537.36 (compatible; GoogleOther)"
114.119.153.118 - - [28/Jul/2026:15:50:21 -0300] "GET /application/plugins/module_imobles/uploads/enterprise/66/images/sml/_dc9fa5f2575269162194950610293968.webp HTTP/1.1" 200 19704 "https://imobles.lrsys.com.br/application/plugins/module_imobles/uploads/enterprise/66/images/sml/?C=M%3BO%3DA" "Mozilla/5.0 (Linux; Android 7.0;) AppleWebKit/537.36 (HTML, like Gecko) Mobile Safari/537.36 (compatible; PetalBot;+https://webmaster.petalsearch.com/site/petalbot)"
114.119.130.152 - - [28/Jul/2026:16:06:35 -0300] "GET /application/plugins/module_imobles/uploads/enterprise/685/images/lrg/_8f4d94fa452257163484298010332647.webp HTTP/1.1" 200 17030 "https://imobles.lrsys.com.br/application/plugins/module_imobles/uploads/enterprise/685/images/lrg/?C=S%3BO%3DA" "Mozilla/5.0 (Linux; Android 7.0;) AppleWebKit/537.36 (HTML, like Gecko) Mobile Safari/537.36 (compatible; PetalBot;+https://webmaster.petalsearch.com/site/petalbot)"
66.249.77.36 - - [28/Jul/2026:16:14:37 -0300] "GET /application/plugins/module_imobles/uploads/temp/imobles_sugestoes_299102_10_2021_14_12_43.pdf HTTP/1.1" 200 454047 "-" "Mozilla/5.0 (Linux; Android 6.0.1; Nexus 5X Build/MMB29P) AppleWebKit/537.36 (KHTML, like Gecko) Chrome/150.0.7871.128 Mobile Safari/537.36 (compatible; GoogleOther)"
66.249.77.34 - - [28/Jul/2026:16:43:18 -0300] "GET /application/plugins/module_imobles/uploads/temp/imobles_sugestoes_224_08_2021_16_32_05.pdf HTTP/1.1" 200 720006 "-" "Mozilla/5.0 (Linux; Android 6.0.1; Nexus 5X Build/MMB29P) AppleWebKit/537.36 (KHTML, like Gecko) Chrome/150.0.7871.128 Mobile Safari/537.36 (compatible; GoogleOther)"
66.249.77.36 - - [28/Jul/2026:16:44:56 -0300] "GET /application/plugins/module_imobles/uploads/temp/imobles_sugestoes_212_07_2021_11_15_24.pdf HTTP/1.1" 200 769513 "-" "Mozilla/5.0 (Linux; Android 6.0.1; Nexus 5X Build/MMB29P) AppleWebKit/537.36 (KHTML, like Gecko) Chrome/150.0.7871.128 Mobile Safari/537.36 (compatible; Googlebot/2.1; +http://www.google.com/bot.html)"
66.249.77.36 - - [28/Jul/2026:16:49:06 -0300] "GET /application/plugins/module_imobles/uploads/temp/imobles_sugestoes_149729_07_2021_12_45_49.pdf HTTP/1.1" 304 - "-" "Mozilla/5.0 (Linux; Android 6.0.1; Nexus 5X Build/MMB29P) AppleWebKit/537.36 (KHTML, like Gecko) Chrome/150.0.7871.128 Mobile Safari/537.36 (compatible; Googlebot/2.1; +http://www.google.com/bot.html)"
66.249.77.36 - - [28/Jul/2026:16:52:12 -0300] "GET /application/plugins/module_imobles/uploads/temp/imobles_sugestoes_208_04_2021_16_28_48.pdf HTTP/1.1" 200 491092 "-" "Mozilla/5.0 (Linux; Android 6.0.1; Nexus 5X Build/MMB29P) AppleWebKit/537.36 (KHTML, like Gecko) Chrome/150.0.7871.128 Mobile Safari/537.36 (compatible; GoogleOther)"
66.249.77.36 - - [28/Jul/2026:16:53:16 -0300] "GET /application/plugins/module_imobles/uploads/temp/imobles_sugestoes_220_08_2021_17_00_58.pdf HTTP/1.1" 200 494293 "-" "Mozilla/5.0 (Linux; Android 6.0.1; Nexus 5X Build/MMB29P) AppleWebKit/537.36 (KHTML, like Gecko) Chrome/150.0.7871.128 Mobile Safari/537.36 (compatible; Googlebot/2.1; +http://www.google.com/bot.html)"
66.249.77.36 - - [28/Jul/2026:16:57:26 -0300] "GET /application/plugins/module_imobles/uploads/enterprise/2289/ HTTP/1.1" 200 970 "-" "Mozilla/5.0 (Linux; Android 6.0.1; Nexus 5X Build/MMB29P) AppleWebKit/537.36 (KHTML, like Gecko) Chrome/150.0.7871.128 Mobile Safari/537.36 (compatible; Googlebot/2.1; +http://www.google.com/bot.html)"
66.249.77.36 - - [28/Jul/2026:17:02:19 -0300] "GET /application/plugins/module_imobles/uploads/enterprise/1374/ HTTP/1.1" 200 970 "-" "Mozilla/5.0 (Linux; Android 6.0.1; Nexus 5X Build/MMB29P) AppleWebKit/537.36 (KHTML, like Gecko) Chrome/150.0.7871.128 Mobile Safari/537.36 (compatible; Googlebot/2.1; +http://www.google.com/bot.html)"
66.249.77.34 - - [28/Jul/2026:17:07:23 -0300] "GET /application/plugins/module_imobles/uploads/enterprise/7910/ HTTP/1.1" 200 970 "-" "Mozilla/5.0 (Linux; Android 6.0.1; Nexus 5X Build/MMB29P) AppleWebKit/537.36 (KHTML, like Gecko) Chrome/150.0.7871.128 Mobile Safari/537.36 (compatible; Googlebot/2.1; +http://www.google.com/bot.html)"
66.249.77.34 - - [28/Jul/2026:17:08:18 -0300] "GET /application/plugins/module_imobles/uploads/temp/imobles_sugestoes_210_06_2021_17_38_08.pdf HTTP/1.1" 200 156533 "-" "Mozilla/5.0 (Linux; Android 6.0.1; Nexus 5X Build/MMB29P) AppleWebKit/537.36 (KHTML, like Gecko) Chrome/150.0.7871.128 Mobile Safari/537.36 (compatible; GoogleOther)"
66.249.77.34 - - [28/Jul/2026:17:12:28 -0300] "GET /application/plugins/module_imobles/uploads/enterprise/4885/ HTTP/1.1" 200 970 "-" "Mozilla/5.0 (Linux; Android 6.0.1; Nexus 5X Build/MMB29P) AppleWebKit/537.36 (KHTML, like Gecko) Chrome/150.0.7871.128 Mobile Safari/537.36 (compatible; Googlebot/2.1; +http://www.google.com/bot.html)"
66.249.77.36 - - [28/Jul/2026:17:18:16 -0300] "GET /application/plugins/module_imobles/uploads/enterprise/801/ HTTP/1.1" 200 968 "-" "Mozilla/5.0 (Linux; Android 6.0.1; Nexus 5X Build/MMB29P) AppleWebKit/537.36 (KHTML, like Gecko) Chrome/150.0.7871.128 Mobile Safari/537.36 (compatible; Googlebot/2.1; +http://www.google.com/bot.html)"
44.213.249.239 - - [28/Jul/2026:17:20:28 -0300] "GET /robots.txt HTTP/1.1" 404 - "-" "Go-http-client/1.1"
66.249.77.36 - - [28/Jul/2026:17:26:38 -0300] "GET /application/plugins/module_imobles/uploads/enterprise/5335/ HTTP/1.1" 200 970 "-" "Mozilla/5.0 (Linux; Android 6.0.1; Nexus 5X Build/MMB29P) AppleWebKit/537.36 (KHTML, like Gecko) Chrome/150.0.7871.128 Mobile Safari/537.36 (compatible; Googlebot/2.1; +http://www.google.com/bot.html)"
114.119.159.61 - - [28/Jul/2026:17:29:14 -0300] "GET /application/plugins/module_imobles/uploads/enterprise/628/images/17380_d0872601930224162132783611029289.webp HTTP/1.1" 200 18576 "https://imobles.lrsys.com.br/application/plugins/module_imobles/uploads/enterprise/628/images/?C=S%3BO%3DA" "Mozilla/5.0 (Linux; Android 7.0;) AppleWebKit/537.36 (HTML, like Gecko) Mobile Safari/537.36 (compatible; PetalBot;+https://webmaster.petalsearch.com/site/petalbot)"
114.119.139.102 - - [28/Jul/2026:17:30:38 -0300] "GET /application/plugins/module_imobles/uploads/enterprise/41/images/19607_5616060f905674162134101910044569.webp HTTP/1.1" 200 95728 "https://imobles.lrsys.com.br/application/plugins/module_imobles/uploads/enterprise/41/images/?C=S%3BO%3DA" "Mozilla/5.0 (Linux; Android 7.0;) AppleWebKit/537.36 (HTML, like Gecko) Mobile Safari/537.36 (compatible; PetalBot;+https://webmaster.petalsearch.com/site/petalbot)"
66.249.77.34 - - [28/Jul/2026:17:33:18 -0300] "GET /application/plugins/module_imobles/uploads/temp/imobles_sugestoes_212_07_2021_11_15_24.pdf HTTP/1.1" 200 769513 "-" "Mozilla/5.0 (Linux; Android 6.0.1; Nexus 5X Build/MMB29P) AppleWebKit/537.36 (KHTML, like Gecko) Chrome/150.0.7871.128 Mobile Safari/537.36 (compatible; GoogleOther)"
66.249.77.34 - - [28/Jul/2026:17:34:56 -0300] "GET /application/plugins/module_imobles/uploads/temp/imobles_sugestoes_228_06_2021_11_37_41.pdf HTTP/1.1" 304 - "-" "Mozilla/5.0 (Linux; Android 6.0.1; Nexus 5X Build/MMB29P) AppleWebKit/537.36 (KHTML, like Gecko) Chrome/150.0.7871.128 Mobile Safari/537.36 (compatible; Googlebot/2.1; +http://www.google.com/bot.html)"
216.73.217.179 - - [28/Jul/2026:17:41:58 -0300] "GET /robots.txt HTTP/1.1" 404 - "-" "Mozilla/5.0 AppleWebKit/537.36 (KHTML, like Gecko; compatible; ClaudeBot/1.0; +claudebot@anthropic.com)"
66.249.77.36 - - [28/Jul/2026:17:44:05 -0300] "GET /application/plugins/module_imobles/uploads/enterprise/4415/ HTTP/1.1" 200 970 "-" "Mozilla/5.0 (Linux; Android 6.0.1; Nexus 5X Build/MMB29P) AppleWebKit/537.36 (KHTML, like Gecko) Chrome/150.0.7871.128 Mobile Safari/537.36 (compatible; Googlebot/2.1; +http://www.google.com/bot.html)"
66.249.77.34 - - [28/Jul/2026:17:44:06 -0300] "GET /application/plugins/module_imobles/uploads/enterprise/3971/images/ HTTP/1.1" 200 2729 "-" "Mozilla/5.0 (Linux; Android 6.0.1; Nexus 5X Build/MMB29P) AppleWebKit/537.36 (KHTML, like Gecko) Chrome/150.0.7871.128 Mobile Safari/537.36 (compatible; Googlebot/2.1; +http://www.google.com/bot.html)"
66.249.77.34 - - [28/Jul/2026:17:51:38 -0300] "GET /application/plugins/module_imobles/uploads/enterprise/5054/images/ HTTP/1.1" 200 19522 "-" "Mozilla/5.0 (Linux; Android 6.0.1; Nexus 5X Build/MMB29P) AppleWebKit/537.36 (KHTML, like Gecko) Chrome/150.0.7871.128 Mobile Safari/537.36 (compatible; Googlebot/2.1; +http://www.google.com/bot.html)"
66.249.77.35 - - [28/Jul/2026:17:59:56 -0300] "GET /application/plugins/module_imobles/uploads/enterprise/4027/ HTTP/1.1" 200 970 "-" "Mozilla/5.0 (Linux; Android 6.0.1; Nexus 5X Build/MMB29P) AppleWebKit/537.36 (KHTML, like Gecko) Chrome/150.0.7871.128 Mobile Safari/537.36 (compatible; Googlebot/2.1; +http://www.google.com/bot.html)"
66.249.77.35 - - [28/Jul/2026:18:08:29 -0300] "GET /application/plugins/module_imobles/uploads/enterprise/3484/ HTTP/1.1" 200 970 "-" "Mozilla/5.0 (Linux; Android 6.0.1; Nexus 5X Build/MMB29P) AppleWebKit/537.36 (KHTML, like Gecko) Chrome/150.0.7871.128 Mobile Safari/537.36 (compatible; Googlebot/2.1; +http://www.google.com/bot.html)"
66.249.77.35 - - [28/Jul/2026:18:16:37 -0300] "GET /application/plugins/module_imobles/uploads/enterprise/7219/images/xsm/ HTTP/1.1" 200 3748 "-" "Mozilla/5.0 (Linux; Android 6.0.1; Nexus 5X Build/MMB29P) AppleWebKit/537.36 (KHTML, like Gecko) Chrome/150.0.7871.128 Mobile Safari/537.36 (compatible; Googlebot/2.1; +http://www.google.com/bot.html)"
66.249.77.36 - - [28/Jul/2026:18:24:59 -0300] "GET /application/plugins/module_imobles/uploads/enterprise/2916/ HTTP/1.1" 200 970 "-" "Mozilla/5.0 (Linux; Android 6.0.1; Nexus 5X Build/MMB29P) AppleWebKit/537.36 (KHTML, like Gecko) Chrome/150.0.7871.128 Mobile Safari/537.36 (compatible; Googlebot/2.1; +http://www.google.com/bot.html)"
66.249.77.35 - - [28/Jul/2026:18:31:14 -0300] "GET /application/plugins/module_imobles/uploads/enterprise/2289/images/ HTTP/1.1" 200 3782 "-" "Mozilla/5.0 (Linux; Android 6.0.1; Nexus 5X Build/MMB29P) AppleWebKit/537.36 (KHTML, like Gecko) Chrome/150.0.7871.128 Mobile Safari/537.36 (compatible; GoogleOther)"
66.249.77.36 - - [28/Jul/2026:18:36:32 -0300] "GET /application/plugins/module_imobles/uploads/enterprise/3990/ HTTP/1.1" 200 970 "-" "Mozilla/5.0 (Linux; Android 6.0.1; Nexus 5X Build/MMB29P) AppleWebKit/537.36 (KHTML, like Gecko) Chrome/150.0.7871.128 Mobile Safari/537.36 (compatible; Googlebot/2.1; +http://www.google.com/bot.html)"
66.249.77.35 - - [28/Jul/2026:18:38:09 -0300] "GET /application/plugins/module_imobles/uploads/temp/imobles_sugestoes_227_05_2021_12_56_45.pdf HTTP/1.1" 200 541928 "-" "Mozilla/5.0 (Linux; Android 6.0.1; Nexus 5X Build/MMB29P) AppleWebKit/537.36 (KHTML, like Gecko) Chrome/150.0.7871.128 Mobile Safari/537.36 (compatible; GoogleOther)"
66.249.77.34 - - [28/Jul/2026:18:48:00 -0300] "GET /application/plugins/module_imobles/uploads/enterprise/395/ HTTP/1.1" 200 968 "-" "Mozilla/5.0 (Linux; Android 6.0.1; Nexus 5X Build/MMB29P) AppleWebKit/537.36 (KHTML, like Gecko) Chrome/150.0.7871.128 Mobile Safari/537.36 (compatible; Googlebot/2.1; +http://www.google.com/bot.html)"
66.249.77.35 - - [28/Jul/2026:18:48:18 -0300] "GET /application/plugins/module_imobles/uploads/temp/imobles_sugestoes_220_07_2021_16_23_53.pdf HTTP/1.1" 200 769425 "-" "Mozilla/5.0 (Linux; Android 6.0.1; Nexus 5X Build/MMB29P) AppleWebKit/537.36 (KHTML, like Gecko) Chrome/150.0.7871.128 Mobile Safari/537.36 (compatible; GoogleOther)"
66.249.77.36 - - [28/Jul/2026:18:59:34 -0300] "GET /application/plugins/module_imobles/uploads/temp/imobles_sugestoes_227_08_2021_16_31_05.pdf HTTP/1.1" 200 556620 "-" "Mozilla/5.0 (Linux; Android 6.0.1; Nexus 5X Build/MMB29P) AppleWebKit/537.36 (KHTML, like Gecko) Chrome/150.0.7871.128 Mobile Safari/537.36 (compatible; Googlebot/2.1; +http://www.google.com/bot.html)"
66.249.77.34 - - [28/Jul/2026:19:11:06 -0300] "GET /application/plugins/module_imobles/uploads/enterprise/2081/ HTTP/1.1" 200 970 "-" "Mozilla/5.0 (Linux; Android 6.0.1; Nexus 5X Build/MMB29P) AppleWebKit/537.36 (KHTML, like Gecko) Chrome/150.0.7871.128 Mobile Safari/537.36 (compatible; Googlebot/2.1; +http://www.google.com/bot.html)"
114.119.140.21 - - [28/Jul/2026:19:22:27 -0300] "GET /application/plugins/module_imobles/uploads/enterprise/39/images/lrg/_4f164cf2150205162189398210503253.webp HTTP/1.1" 200 16094 "https://imobles.lrsys.com.br/application/plugins/module_imobles/uploads/enterprise/39/images/lrg/?C=S%3BO%3DA" "Mozilla/5.0 (Linux; Android 7.0;) AppleWebKit/537.36 (HTML, like Gecko) Mobile Safari/537.36 (compatible; PetalBot;+https://webmaster.petalsearch.com/site/petalbot)"
82.102.18.220 - - [28/Jul/2026:19:36:47 -0300] "GET /?ng=login/ HTTP/1.1" 200 2429 "-" "Mozilla/5.0 (Windows NT 10.0; Win64; x64) AppleWebKit/537.36 (KHTML, like Gecko) Chrome/78.0.3904.108 Safari/537.36"
82.102.18.220 - - [28/Jul/2026:19:36:48 -0300] "GET /?ng=login//wp-includes/wlwmanifest.xml HTTP/1.1" 200 2429 "-" "Mozilla/5.0 (Windows NT 10.0; Win64; x64) AppleWebKit/537.36 (KHTML, like Gecko) Chrome/78.0.3904.108 Safari/537.36"
82.102.18.220 - - [28/Jul/2026:19:36:50 -0300] "GET /?ng=login//xmlrpc.php?rsd HTTP/1.1" 200 2429 "-" "Mozilla/5.0 (Windows NT 10.0; Win64; x64) AppleWebKit/537.36 (KHTML, like Gecko) Chrome/78.0.3904.108 Safari/537.36"
82.102.18.220 - - [28/Jul/2026:19:36:50 -0300] "GET /?ng=login/ HTTP/1.1" 200 2429 "-" "Mozilla/5.0 (Windows NT 10.0; Win64; x64) AppleWebKit/537.36 (KHTML, like Gecko) Chrome/78.0.3904.108 Safari/537.36"
82.102.18.220 - - [28/Jul/2026:19:36:51 -0300] "GET /?ng=login//blog/wp-includes/wlwmanifest.xml HTTP/1.1" 200 2429 "-" "Mozilla/5.0 (Windows NT 10.0; Win64; x64) AppleWebKit/537.36 (KHTML, like Gecko) Chrome/78.0.3904.108 Safari/537.36"
82.102.18.220 - - [28/Jul/2026:19:36:52 -0300] "GET /?ng=login//web/wp-includes/wlwmanifest.xml HTTP/1.1" 200 2429 "-" "Mozilla/5.0 (Windows NT 10.0; Win64; x64) AppleWebKit/537.36 (KHTML, like Gecko) Chrome/78.0.3904.108 Safari/537.36"
82.102.18.220 - - [28/Jul/2026:19:36:52 -0300] "GET /?ng=login//wordpress/wp-includes/wlwmanifest.xml HTTP/1.1" 200 2429 "-" "Mozilla/5.0 (Windows NT 10.0; Win64; x64) AppleWebKit/537.36 (KHTML, like Gecko) Chrome/78.0.3904.108 Safari/537.36"
82.102.18.220 - - [28/Jul/2026:19:36:53 -0300] "GET /?ng=login//website/wp-includes/wlwmanifest.xml HTTP/1.1" 200 2429 "-" "Mozilla/5.0 (Windows NT 10.0; Win64; x64) AppleWebKit/537.36 (KHTML, like Gecko) Chrome/78.0.3904.108 Safari/537.36"
82.102.18.220 - - [28/Jul/2026:19:36:53 -0300] "GET /?ng=login//wp/wp-includes/wlwmanifest.xml HTTP/1.1" 200 2429 "-" "Mozilla/5.0 (Windows NT 10.0; Win64; x64) AppleWebKit/537.36 (KHTML, like Gecko) Chrome/78.0.3904.108 Safari/537.36"
82.102.18.220 - - [28/Jul/2026:19:36:54 -0300] "GET /?ng=login//news/wp-includes/wlwmanifest.xml HTTP/1.1" 200 2429 "-" "Mozilla/5.0 (Windows NT 10.0; Win64; x64) AppleWebKit/537.36 (KHTML, like Gecko) Chrome/78.0.3904.108 Safari/537.36"
82.102.18.220 - - [28/Jul/2026:19:36:56 -0300] "GET /?ng=login//2018/wp-includes/wlwmanifest.xml HTTP/1.1" 200 2429 "-" "Mozilla/5.0 (Windows NT 10.0; Win64; x64) AppleWebKit/537.36 (KHTML, like Gecko) Chrome/78.0.3904.108 Safari/537.36"
82.102.18.220 - - [28/Jul/2026:19:36:56 -0300] "GET /?ng=login//2019/wp-includes/wlwmanifest.xml HTTP/1.1" 200 2429 "-" "Mozilla/5.0 (Windows NT 10.0; Win64; x64) AppleWebKit/537.36 (KHTML, like Gecko) Chrome/78.0.3904.108 Safari/537.36"
82.102.18.220 - - [28/Jul/2026:19:36:57 -0300] "GET /?ng=login//shop/wp-includes/wlwmanifest.xml HTTP/1.1" 200 2429 "-" "Mozilla/5.0 (Windows NT 10.0; Win64; x64) AppleWebKit/537.36 (KHTML, like Gecko) Chrome/78.0.3904.108 Safari/537.36"
82.102.18.220 - - [28/Jul/2026:19:36:57 -0300] "GET /?ng=login//wp1/wp-includes/wlwmanifest.xml HTTP/1.1" 200 2429 "-" "Mozilla/5.0 (Windows NT 10.0; Win64; x64) AppleWebKit/537.36 (KHTML, like Gecko) Chrome/78.0.3904.108 Safari/537.36"
82.102.18.220 - - [28/Jul/2026:19:36:58 -0300] "GET /?ng=login//test/wp-includes/wlwmanifest.xml HTTP/1.1" 200 2429 "-" "Mozilla/5.0 (Windows NT 10.0; Win64; x64) AppleWebKit/537.36 (KHTML, like Gecko) Chrome/78.0.3904.108 Safari/537.36"
82.102.18.220 - - [28/Jul/2026:19:36:59 -0300] "GET /?ng=login//media/wp-includes/wlwmanifest.xml HTTP/1.1" 200 2429 "-" "Mozilla/5.0 (Windows NT 10.0; Win64; x64) AppleWebKit/537.36 (KHTML, like Gecko) Chrome/78.0.3904.108 Safari/537.36"
82.102.18.220 - - [28/Jul/2026:19:36:59 -0300] "GET /?ng=login//wp2/wp-includes/wlwmanifest.xml HTTP/1.1" 200 2429 "-" "Mozilla/5.0 (Windows NT 10.0; Win64; x64) AppleWebKit/537.36 (KHTML, like Gecko) Chrome/78.0.3904.108 Safari/537.36"
82.102.18.220 - - [28/Jul/2026:19:37:00 -0300] "GET /?ng=login//site/wp-includes/wlwmanifest.xml HTTP/1.1" 200 2429 "-" "Mozilla/5.0 (Windows NT 10.0; Win64; x64) AppleWebKit/537.36 (KHTML, like Gecko) Chrome/78.0.3904.108 Safari/537.36"
82.102.18.220 - - [28/Jul/2026:19:37:01 -0300] "GET /?ng=login//cms/wp-includes/wlwmanifest.xml HTTP/1.1" 200 2429 "-" "Mozilla/5.0 (Windows NT 10.0; Win64; x64) AppleWebKit/537.36 (KHTML, like Gecko) Chrome/78.0.3904.108 Safari/537.36"
82.102.18.220 - - [28/Jul/2026:19:37:02 -0300] "GET /?ng=login//sito/wp-includes/wlwmanifest.xml HTTP/1.1" 200 2429 "-" "Mozilla/5.0 (Windows NT 10.0; Win64; x64) AppleWebKit/537.36 (KHTML, like Gecko) Chrome/78.0.3904.108 Safari/537.36"
114.119.158.6 - - [28/Jul/2026:19:40:06 -0300] "GET /application/plugins/module_imobles/uploads/enterprise/92/images/med/_74d66337204511163319939510307617.webp HTTP/1.1" 200 11488 "https://imobles.lrsys.com.br/application/plugins/module_imobles/uploads/enterprise/92/images/med/?C=D%3BO%3DA" "Mozilla/5.0 (Linux; Android 7.0;) AppleWebKit/537.36 (HTML, like Gecko) Mobile Safari/537.36 (compatible; PetalBot;+https://webmaster.petalsearch.com/site/petalbot)"
66.249.77.35 - - [28/Jul/2026:19:46:54 -0300] "GET /robots.txt HTTP/1.1" 404 - "-" "Mozilla/5.0 (compatible; Googlebot/2.1; +http://www.google.com/bot.html)"
66.249.77.34 - - [28/Jul/2026:19:46:54 -0300] "GET /application/plugins/module_imobles/uploads/enterprise/5335/images/ HTTP/1.1" 200 3581 "-" "Mozilla/5.0 (Linux; Android 6.0.1; Nexus 5X Build/MMB29P) AppleWebKit/537.36 (KHTML, like Gecko) Chrome/150.0.7871.128 Mobile Safari/537.36 (compatible; GoogleOther)"
114.119.158.6 - - [28/Jul/2026:19:55:54 -0300] "GET /?ng=login/ HTTP/1.1" 200 2429 "https://lrsys.com.br/lrsys_apps/imobles" "Mozilla/5.0 (Linux; Android 7.0;) AppleWebKit/537.36 (HTML, like Gecko) Mobile Safari/537.36 (compatible; PetalBot;+https://webmaster.petalsearch.com/site/petalbot)"
94.154.43.185 - - [28/Jul/2026:20:27:53 -0300] "GET / HTTP/1.1" 302 - "-" "Mozilla/5.0 (Windows NT 10.0; Win64; x64) AppleWebKit/537.36 (KHTML, like Gecko) Chrome/147.0.0.0 Safari/537.36"
94.154.43.183 - - [28/Jul/2026:20:27:54 -0300] "GET / HTTP/1.1" 302 - "-" "Mozilla/5.0 (Windows NT 10.0; Win64; x64) AppleWebKit/537.36 (KHTML, like Gecko) Chrome/147.0.0.0 Safari/537.36"
94.154.43.185 - - [28/Jul/2026:20:27:55 -0300] "GET / HTTP/1.1" 302 - "-" "Mozilla/5.0 (Windows NT 10.0; Win64; x64) AppleWebKit/537.36 (KHTML, like Gecko) Chrome/147.0.0.0 Safari/537.36"
94.154.43.183 - - [28/Jul/2026:20:27:55 -0300] "GET / HTTP/1.1" 302 - "-" "Mozilla/5.0 (Windows NT 10.0; Win64; x64) AppleWebKit/537.36 (KHTML, like Gecko) Chrome/147.0.0.0 Safari/537.36"
216.73.217.179 - - [28/Jul/2026:20:49:03 -0300] "GET /robots.txt HTTP/1.1" 404 - "-" "Mozilla/5.0 AppleWebKit/537.36 (KHTML, like Gecko; compatible; ClaudeBot/1.0; +claudebot@anthropic.com)"
216.73.217.179 - - [28/Jul/2026:20:49:16 -0300] "GET / HTTP/1.1" 302 - "-" "Mozilla/5.0 AppleWebKit/537.36 (KHTML, like Gecko; compatible; ClaudeBot/1.0; +claudebot@anthropic.com)"
216.73.217.179 - - [28/Jul/2026:20:49:16 -0300] "GET /?ng=login/ HTTP/1.1" 200 2429 "https://imobles.lrsys.com.br/" "Mozilla/5.0 AppleWebKit/537.36 (KHTML, like Gecko; compatible; ClaudeBot/1.0; +claudebot@anthropic.com)"
66.249.77.35 - - [28/Jul/2026:20:53:19 -0300] "GET /application/plugins/module_imobles/uploads/temp/imobles_sugestoes_224_05_2021_14_21_48.pdf HTTP/1.1" 200 1222459 "-" "Mozilla/5.0 (Linux; Android 6.0.1; Nexus 5X Build/MMB29P) AppleWebKit/537.36 (KHTML, like Gecko) Chrome/150.0.7871.128 Mobile Safari/537.36 (compatible; GoogleOther)"