AnonSec Shell
Server IP : 162.214.74.102  /  Your IP : 216.73.217.179
Web Server : Apache
System : Linux dedi-4363141.lrsys.com.br 3.10.0-1160.119.1.el7.tuxcare.els25.x86_64 #1 SMP Wed Oct 1 17:37:27 UTC 2025 x86_64
User : lrsys ( 1015)
PHP Version : 5.6.40
Disable Function : exec,passthru,shell_exec,system
MySQL : ON  |  cURL : ON  |  WGET : ON  |  Perl : ON  |  Python : ON  |  Sudo : ON  |  Pkexec : ON
Directory :  /home/lrsys/./././././././access-logs/

Upload File :
current_dir [ Writeable ] document_root [ Writeable ]

 

Command :


[ HOME ]     

Current File : /home/lrsys/./././././././/access-logs/imobles.lrsys.com.br-ssl_log
66.249.77.34 - - [27/Jul/2026:09:19:29 -0300] "GET /application/plugins/module_imobles/uploads/temp/imobles_sugestoes_207_04_2021_15_56_50.pdf HTTP/1.1" 304 - "-" "Mozilla/5.0 (Linux; Android 6.0.1; Nexus 5X Build/MMB29P) AppleWebKit/537.36 (KHTML, like Gecko) Chrome/150.0.7871.128 Mobile Safari/537.36 (compatible; Googlebot/2.1; +http://www.google.com/bot.html)"
104.210.140.129 - - [27/Jul/2026:09:25:59 -0300] "GET /robots.txt HTTP/1.1" 404 - "-" "Mozilla/5.0 (Macintosh; Intel Mac OS X 10_15_7) AppleWebKit/537.36 (KHTML, like Gecko) Chrome/131.0.0.0 Safari/537.36; compatible; OAI-SearchBot/1.0; +https://openai.com/searchbot"
114.119.130.95 - - [27/Jul/2026:09:26:15 -0300] "GET /application/plugins/module_imobles/uploads/enterprise/747/images/lrg/_ab4f2b5f723758163042255710681118.webp HTTP/1.1" 200 25736 "https://imobles.lrsys.com.br/application/plugins/module_imobles/uploads/enterprise/747/images/lrg/" "Mozilla/5.0 (Linux; Android 7.0;) AppleWebKit/537.36 (HTML, like Gecko) Mobile Safari/537.36 (compatible; PetalBot;+https://webmaster.petalsearch.com/site/petalbot)"
66.249.77.36 - - [27/Jul/2026:09:32:00 -0300] "GET /application/plugins/module_imobles/uploads/temp/imobles_sugestoes_299102_10_2021_14_12_43.pdf HTTP/1.1" 200 454047 "-" "Mozilla/5.0 (Linux; Android 6.0.1; Nexus 5X Build/MMB29P) AppleWebKit/537.36 (KHTML, like Gecko) Chrome/150.0.7871.128 Mobile Safari/537.36 (compatible; Googlebot/2.1; +http://www.google.com/bot.html)"
66.249.77.34 - - [27/Jul/2026:09:47:00 -0300] "GET /application/plugins/module_imobles/uploads/temp/imobles_sugestoes_327008_10_2021_12_08_00.pdf HTTP/1.1" 200 549629 "-" "Mozilla/5.0 (Linux; Android 6.0.1; Nexus 5X Build/MMB29P) AppleWebKit/537.36 (KHTML, like Gecko) Chrome/150.0.7871.128 Mobile Safari/537.36 (compatible; Googlebot/2.1; +http://www.google.com/bot.html)"
66.249.77.34 - - [27/Jul/2026:10:06:58 -0300] "GET /application/plugins/module_imobles/uploads/temp/imobles_sugestoes_228_09_2021_18_51_08.pdf HTTP/1.1" 200 611121 "-" "Mozilla/5.0 (Linux; Android 6.0.1; Nexus 5X Build/MMB29P) AppleWebKit/537.36 (KHTML, like Gecko) Chrome/150.0.7871.128 Mobile Safari/537.36 (compatible; Googlebot/2.1; +http://www.google.com/bot.html)"
104.210.56.226 - - [27/Jul/2026:10:17:21 -0300] "GET /application/plugins/module_imobles/uploads/temp/imobles_sugestoes_212_08_2021_13_37_39.pdf HTTP/1.1" 200 732779 "-" "Mozilla/5.0 (Windows NT 10.0; Win64; x64) AppleWebKit/537.36 (KHTML, like Gecko) Chrome/120.0 Safari/537.36"
66.249.77.34 - - [27/Jul/2026:10:36:58 -0300] "GET /application/plugins/module_imobles/uploads/temp/imobles_sugestoes_205_10_2021_13_49_44.pdf HTTP/1.1" 304 - "-" "Mozilla/5.0 (Linux; Android 6.0.1; Nexus 5X Build/MMB29P) AppleWebKit/537.36 (KHTML, like Gecko) Chrome/150.0.7871.128 Mobile Safari/537.36 (compatible; Googlebot/2.1; +http://www.google.com/bot.html)"
114.119.139.102 - - [27/Jul/2026:10:38:38 -0300] "GET /application/plugins/module_imobles/uploads/enterprise/102/images/5859_b6f76d7d206933162129760210203723.webp HTTP/1.1" 200 43658 "https://imobles.lrsys.com.br/application/plugins/module_imobles/uploads/enterprise/102/images/?C=D%3BO%3DA" "Mozilla/5.0 (Linux; Android 7.0;) AppleWebKit/537.36 (HTML, like Gecko) Mobile Safari/537.36 (compatible; PetalBot;+https://webmaster.petalsearch.com/site/petalbot)"
66.249.77.34 - - [27/Jul/2026:11:41:25 -0300] "GET /application/plugins/module_imobles/uploads/enterprise/3029/ HTTP/1.1" 200 970 "-" "Mozilla/5.0 (Linux; Android 6.0.1; Nexus 5X Build/MMB29P) AppleWebKit/537.36 (KHTML, like Gecko) Chrome/150.0.7871.128 Mobile Safari/537.36 (compatible; Googlebot/2.1; +http://www.google.com/bot.html)"
66.249.77.34 - - [27/Jul/2026:11:53:40 -0300] "GET /application/plugins/module_imobles/uploads/enterprise/3563/ HTTP/1.1" 200 970 "-" "Mozilla/5.0 (Linux; Android 6.0.1; Nexus 5X Build/MMB29P) AppleWebKit/537.36 (KHTML, like Gecko) Chrome/150.0.7871.128 Mobile Safari/537.36 (compatible; Googlebot/2.1; +http://www.google.com/bot.html)"
114.119.140.21 - - [27/Jul/2026:12:00:18 -0300] "GET /application/plugins/module_imobles/uploads/enterprise/82/images/18104_ee8fe909264093162133292510803149.webp HTTP/1.1" 200 47412 "https://imobles.lrsys.com.br/application/plugins/module_imobles/uploads/enterprise/82/images/?C=M%3BO%3DA" "Mozilla/5.0 (Linux; Android 7.0;) AppleWebKit/537.36 (HTML, like Gecko) Mobile Safari/537.36 (compatible; PetalBot;+https://webmaster.petalsearch.com/site/petalbot)"
114.119.158.6 - - [27/Jul/2026:12:03:06 -0300] "GET /application/plugins/module_imobles/uploads/enterprise/79/images/xxl/_bc047286483618162194997310351091.webp HTTP/1.1" 200 64698 "https://imobles.lrsys.com.br/application/plugins/module_imobles/uploads/enterprise/79/images/xxl/" "Mozilla/5.0 (Linux; Android 7.0;) AppleWebKit/537.36 (HTML, like Gecko) Mobile Safari/537.36 (compatible; PetalBot;+https://webmaster.petalsearch.com/site/petalbot)"
114.119.140.21 - - [27/Jul/2026:12:04:29 -0300] "GET /application/plugins/module_imobles/uploads/enterprise/76/images/4948_9ef2ed4b884583162128911510196040.webp HTTP/1.1" 200 20850 "https://imobles.lrsys.com.br/application/plugins/module_imobles/uploads/enterprise/76/images/?C=M%3BO%3DA" "Mozilla/5.0 (Linux; Android 7.0;) AppleWebKit/537.36 (HTML, like Gecko) Mobile Safari/537.36 (compatible; PetalBot;+https://webmaster.petalsearch.com/site/petalbot)"
114.119.144.116 - - [27/Jul/2026:12:05:53 -0300] "GET /application/plugins/module_imobles/uploads/enterprise/61/images/sml/_8e50baf6055231162491774210185118.webp HTTP/1.1" 200 7144 "https://imobles.lrsys.com.br/application/plugins/module_imobles/uploads/enterprise/61/images/sml/?C=S%3BO%3DA" "Mozilla/5.0 (Linux; Android 7.0;) AppleWebKit/537.36 (HTML, like Gecko) Mobile Safari/537.36 (compatible; PetalBot;+https://webmaster.petalsearch.com/site/petalbot)"
198.235.24.35 - - [27/Jul/2026:13:52:22 -0300] "GET /?ng=login/ HTTP/1.1" 200 2429 "http://www.imobles.lrsys.com.br/" "Hello from Palo Alto Networks, find out more about our scans in https://docs-cortex.paloaltonetworks.com/r/1/Cortex-Xpanse/Scanning-activity"
66.249.77.34 - - [27/Jul/2026:13:57:59 -0300] "GET /application/plugins/module_imobles/uploads/enterprise/4204/ HTTP/1.1" 200 970 "-" "Mozilla/5.0 (Linux; Android 6.0.1; Nexus 5X Build/MMB29P) AppleWebKit/537.36 (KHTML, like Gecko) Chrome/150.0.7871.128 Mobile Safari/537.36 (compatible; Googlebot/2.1; +http://www.google.com/bot.html)"
66.249.77.34 - - [27/Jul/2026:15:51:50 -0300] "GET /application/plugins/module_imobles/uploads/temp/imobles_sugestoes_2022_07_2021_18_15_30.pdf HTTP/1.1" 304 - "-" "Mozilla/5.0 (Linux; Android 6.0.1; Nexus 5X Build/MMB29P) AppleWebKit/537.36 (KHTML, like Gecko) Chrome/150.0.7871.128 Mobile Safari/537.36 (compatible; Googlebot/2.1; +http://www.google.com/bot.html)"
66.249.77.36 - - [27/Jul/2026:15:58:39 -0300] "GET /application/plugins/module_imobles/uploads/enterprise/3666/ HTTP/1.1" 200 970 "-" "Mozilla/5.0 (Linux; Android 6.0.1; Nexus 5X Build/MMB29P) AppleWebKit/537.36 (KHTML, like Gecko) Chrome/150.0.7871.128 Mobile Safari/537.36 (compatible; Googlebot/2.1; +http://www.google.com/bot.html)"
66.249.77.36 - - [27/Jul/2026:16:12:18 -0300] "GET /application/plugins/module_imobles/uploads/enterprise/2606/images/ HTTP/1.1" 200 3990 "-" "Mozilla/5.0 (Linux; Android 6.0.1; Nexus 5X Build/MMB29P) AppleWebKit/537.36 (KHTML, like Gecko) Chrome/150.0.7871.128 Mobile Safari/537.36 (compatible; Googlebot/2.1; +http://www.google.com/bot.html)"
66.249.77.36 - - [27/Jul/2026:16:19:07 -0300] "GET /application/plugins/module_imobles/uploads/enterprise/2803/ HTTP/1.1" 200 970 "-" "Mozilla/5.0 (Linux; Android 6.0.1; Nexus 5X Build/MMB29P) AppleWebKit/537.36 (KHTML, like Gecko) Chrome/150.0.7871.128 Mobile Safari/537.36 (compatible; Googlebot/2.1; +http://www.google.com/bot.html)"
66.249.77.35 - - [27/Jul/2026:16:25:58 -0300] "GET /application/plugins/module_imobles/uploads/enterprise/5290/ HTTP/1.1" 200 970 "-" "Mozilla/5.0 (Linux; Android 6.0.1; Nexus 5X Build/MMB29P) AppleWebKit/537.36 (KHTML, like Gecko) Chrome/150.0.7871.128 Mobile Safari/537.36 (compatible; Googlebot/2.1; +http://www.google.com/bot.html)"
157.230.8.64 - - [27/Jul/2026:16:26:49 -0300] "GET /wp-json/ HTTP/1.1" 404 - "-" "Mozilla/5.0 (X11; Linux x86_64) AppleWebKit/537.36 (KHTML, like Gecko) Chrome/126.0.0.0 Safari/537.36"
157.230.8.64 - - [27/Jul/2026:16:26:50 -0300] "GET /?rest_route=/ HTTP/1.1" 302 - "-" "Mozilla/5.0 (X11; Linux x86_64) AppleWebKit/537.36 (KHTML, like Gecko) Chrome/126.0.0.0 Safari/537.36"
157.230.8.64 - - [27/Jul/2026:16:26:50 -0300] "GET /?ng=login/ HTTP/1.1" 200 2429 "-" "Mozilla/5.0 (X11; Linux x86_64) AppleWebKit/537.36 (KHTML, like Gecko) Chrome/126.0.0.0 Safari/537.36"
157.230.8.64 - - [27/Jul/2026:16:26:50 -0300] "GET /feed/ HTTP/1.1" 404 - "-" "Mozilla/5.0 (X11; Linux x86_64) AppleWebKit/537.36 (KHTML, like Gecko) Chrome/126.0.0.0 Safari/537.36"
157.230.8.64 - - [27/Jul/2026:16:26:51 -0300] "GET /feed/rss2/ HTTP/1.1" 404 - "-" "Mozilla/5.0 (X11; Linux x86_64) AppleWebKit/537.36 (KHTML, like Gecko) Chrome/126.0.0.0 Safari/537.36"
157.230.8.64 - - [27/Jul/2026:16:26:51 -0300] "GET /readme.html HTTP/1.1" 404 - "-" "Mozilla/5.0 (X11; Linux x86_64) AppleWebKit/537.36 (KHTML, like Gecko) Chrome/126.0.0.0 Safari/537.36"
157.230.8.64 - - [27/Jul/2026:16:26:51 -0300] "GET / HTTP/1.1" 302 - "-" "Mozilla/5.0 (X11; Linux x86_64) AppleWebKit/537.36 (KHTML, like Gecko) Chrome/126.0.0.0 Safari/537.36"
157.230.8.64 - - [27/Jul/2026:16:26:51 -0300] "GET /?ng=login/ HTTP/1.1" 200 2429 "-" "Mozilla/5.0 (X11; Linux x86_64) AppleWebKit/537.36 (KHTML, like Gecko) Chrome/126.0.0.0 Safari/537.36"
157.230.8.64 - - [27/Jul/2026:16:26:52 -0300] "POST /wp-json/batch/v1 HTTP/1.1" 404 - "-" "Mozilla/5.0 (X11; Linux x86_64) AppleWebKit/537.36 (KHTML, like Gecko) Chrome/126.0.0.0 Safari/537.36"
157.230.8.64 - - [27/Jul/2026:16:26:52 -0300] "POST /?rest_route=/batch/v1 HTTP/1.1" 302 - "-" "Mozilla/5.0 (X11; Linux x86_64) AppleWebKit/537.36 (KHTML, like Gecko) Chrome/126.0.0.0 Safari/537.36"
157.230.8.64 - - [27/Jul/2026:16:26:53 -0300] "GET /?ng=login/ HTTP/1.1" 200 2429 "-" "Mozilla/5.0 (X11; Linux x86_64) AppleWebKit/537.36 (KHTML, like Gecko) Chrome/126.0.0.0 Safari/537.36"
157.230.8.64 - - [27/Jul/2026:16:26:53 -0300] "POST /wp-json/batch/v1 HTTP/1.1" 404 - "-" "Mozilla/5.0 (X11; Linux x86_64) AppleWebKit/537.36 (KHTML, like Gecko) Chrome/126.0.0.0 Safari/537.36"
216.81.248.70 - - [27/Jul/2026:16:32:00 -0300] "GET /.git/config HTTP/1.1" 200 232 "-" "python-requests/2.34.2"
66.249.77.36 - - [27/Jul/2026:16:32:47 -0300] "GET /application/plugins/module_imobles/uploads/enterprise/16800/images/ HTTP/1.1" 200 1882 "-" "Mozilla/5.0 (Linux; Android 6.0.1; Nexus 5X Build/MMB29P) AppleWebKit/537.36 (KHTML, like Gecko) Chrome/150.0.7871.128 Mobile Safari/537.36 (compatible; Googlebot/2.1; +http://www.google.com/bot.html)"
66.249.77.34 - - [27/Jul/2026:16:46:23 -0300] "GET /application/plugins/module_imobles/uploads/enterprise/2215/images/ HTTP/1.1" 200 3145 "-" "Mozilla/5.0 (Linux; Android 6.0.1; Nexus 5X Build/MMB29P) AppleWebKit/537.36 (KHTML, like Gecko) Chrome/150.0.7871.128 Mobile Safari/537.36 (compatible; Googlebot/2.1; +http://www.google.com/bot.html)"
143.110.132.46 - - [27/Jul/2026:16:46:33 -0300] "GET /application/plugins/module_imobles/uploads/temp/imobles_sugestoes_45230_08_2021_14_41_57.pdf HTTP/1.1" 200 470770 "-" "axios/1.17.0"
66.249.77.35 - - [27/Jul/2026:17:00:00 -0300] "GET /application/plugins/module_imobles/uploads/enterprise/4187/images/ HTTP/1.1" 200 15062 "-" "Mozilla/5.0 (Linux; Android 6.0.1; Nexus 5X Build/MMB29P) AppleWebKit/537.36 (KHTML, like Gecko) Chrome/150.0.7871.128 Mobile Safari/537.36 (compatible; Googlebot/2.1; +http://www.google.com/bot.html)"
216.73.217.169 - - [27/Jul/2026:17:01:30 -0300] "GET /robots.txt HTTP/1.1" 404 - "-" "Mozilla/5.0 AppleWebKit/537.36 (KHTML, like Gecko; compatible; ClaudeBot/1.0; +claudebot@anthropic.com)"
66.249.77.36 - - [27/Jul/2026:17:09:23 -0300] "GET /application/plugins/module_imobles/uploads/enterprise/4240/ HTTP/1.1" 200 970 "-" "Mozilla/5.0 (Linux; Android 6.0.1; Nexus 5X Build/MMB29P) AppleWebKit/537.36 (KHTML, like Gecko) Chrome/150.0.7871.128 Mobile Safari/537.36 (compatible; Googlebot/2.1; +http://www.google.com/bot.html)"
66.249.77.36 - - [27/Jul/2026:17:18:45 -0300] "GET /application/plugins/module_imobles/uploads/enterprise/38/ HTTP/1.1" 200 966 "-" "Mozilla/5.0 (Linux; Android 6.0.1; Nexus 5X Build/MMB29P) AppleWebKit/537.36 (KHTML, like Gecko) Chrome/150.0.7871.128 Mobile Safari/537.36 (compatible; Googlebot/2.1; +http://www.google.com/bot.html)"
66.249.77.34 - - [27/Jul/2026:17:28:08 -0300] "GET /application/plugins/module_imobles/uploads/enterprise/45/ HTTP/1.1" 200 966 "-" "Mozilla/5.0 (Linux; Android 6.0.1; Nexus 5X Build/MMB29P) AppleWebKit/537.36 (KHTML, like Gecko) Chrome/150.0.7871.128 Mobile Safari/537.36 (compatible; Googlebot/2.1; +http://www.google.com/bot.html)"
66.249.77.36 - - [27/Jul/2026:17:37:30 -0300] "GET /application/plugins/module_imobles/uploads/enterprise/5290/images/ HTTP/1.1" 200 5072 "-" "Mozilla/5.0 (Linux; Android 6.0.1; Nexus 5X Build/MMB29P) AppleWebKit/537.36 (KHTML, like Gecko) Chrome/150.0.7871.128 Mobile Safari/537.36 (compatible; Googlebot/2.1; +http://www.google.com/bot.html)"
92.168.8.163 - - [27/Jul/2026:17:39:18 -0300] "GET /application/plugins/module_imobles/uploads/enterprise/26145/images/_e3208463882704162948604510114710.jpg HTTP/1.1" 200 52974 "-" "Mozilla/5.0 (X11; Ubuntu; Linux x86_64; rv:72.0) Gecko/20100101 Firefox/72.0"
66.249.77.36 - - [27/Jul/2026:17:46:53 -0300] "GET /application/plugins/module_imobles/uploads/temp/imobles_sugestoes_224_05_2021_14_21_48.pdf HTTP/1.1" 200 1222459 "-" "Mozilla/5.0 (Linux; Android 6.0.1; Nexus 5X Build/MMB29P) AppleWebKit/537.36 (KHTML, like Gecko) Chrome/150.0.7871.128 Mobile Safari/537.36 (compatible; Googlebot/2.1; +http://www.google.com/bot.html)"
66.249.77.34 - - [27/Jul/2026:17:56:18 -0300] "GET /robots.txt HTTP/1.1" 404 - "-" "Mozilla/5.0 (compatible; Googlebot/2.1; +http://www.google.com/bot.html)"
66.249.77.34 - - [27/Jul/2026:17:56:18 -0300] "GET /application/plugins/module_imobles/uploads/temp/imobles_sugestoes_207_04_2021_18_06_03.pdf HTTP/1.1" 200 561907 "-" "Mozilla/5.0 (Linux; Android 6.0.1; Nexus 5X Build/MMB29P) AppleWebKit/537.36 (KHTML, like Gecko) Chrome/150.0.7871.128 Mobile Safari/537.36 (compatible; Googlebot/2.1; +http://www.google.com/bot.html)"
66.249.77.35 - - [27/Jul/2026:18:15:02 -0300] "GET /application/plugins/module_imobles/uploads/temp/imobles_sugestoes_119_02_2021_12_31_58.pdf HTTP/1.1" 200 495411 "-" "Mozilla/5.0 (Linux; Android 6.0.1; Nexus 5X Build/MMB29P) AppleWebKit/537.36 (KHTML, like Gecko) Chrome/150.0.7871.128 Mobile Safari/537.36 (compatible; Googlebot/2.1; +http://www.google.com/bot.html)"
66.249.77.35 - - [27/Jul/2026:18:24:23 -0300] "GET /application/plugins/module_imobles/uploads/enterprise/4204/images/ HTTP/1.1" 200 9305 "-" "Mozilla/5.0 (Linux; Android 6.0.1; Nexus 5X Build/MMB29P) AppleWebKit/537.36 (KHTML, like Gecko) Chrome/150.0.7871.128 Mobile Safari/537.36 (compatible; Googlebot/2.1; +http://www.google.com/bot.html)"
66.249.77.35 - - [27/Jul/2026:18:33:50 -0300] "GET /application/plugins/module_imobles/uploads/temp/imobles_sugestoes_224_07_2021_10_36_21.pdf HTTP/1.1" 200 412036 "-" "Mozilla/5.0 (Linux; Android 6.0.1; Nexus 5X Build/MMB29P) AppleWebKit/537.36 (KHTML, like Gecko) Chrome/150.0.7871.128 Mobile Safari/537.36 (compatible; Googlebot/2.1; +http://www.google.com/bot.html)"
66.249.77.35 - - [27/Jul/2026:18:35:10 -0300] "GET /application/plugins/module_imobles/uploads/temp/imobles_sugestoes_2022_07_2021_18_15_30.pdf HTTP/1.1" 200 766685 "-" "Googlebot/2.1 (+http://www.google.com/bot.html)"
66.249.77.35 - - [27/Jul/2026:18:46:36 -0300] "GET /application/plugins/module_imobles/uploads/temp/imobles_sugestoes_210_05_2021_17_28_27.pdf HTTP/1.1" 200 773185 "-" "Mozilla/5.0 (Linux; Android 6.0.1; Nexus 5X Build/MMB29P) AppleWebKit/537.36 (KHTML, like Gecko) Chrome/150.0.7871.128 Mobile Safari/537.36 (compatible; GoogleOther)"
66.249.77.34 - - [27/Jul/2026:18:58:07 -0300] "GET /application/plugins/module_imobles/uploads/temp/imobles_sugestoes_279327_09_2021_12_30_11.pdf HTTP/1.1" 200 737507 "-" "Mozilla/5.0 (Linux; Android 6.0.1; Nexus 5X Build/MMB29P) AppleWebKit/537.36 (KHTML, like Gecko) Chrome/150.0.7871.128 Mobile Safari/537.36 (compatible; GoogleOther)"
216.73.217.169 - - [27/Jul/2026:19:17:36 -0300] "GET /robots.txt HTTP/1.1" 404 - "-" "Mozilla/5.0 AppleWebKit/537.36 (KHTML, like Gecko; compatible; ClaudeBot/1.0; +claudebot@anthropic.com)"
66.249.77.35 - - [27/Jul/2026:19:23:46 -0300] "GET /application/plugins/module_imobles/uploads/enterprise/4187/ HTTP/1.1" 200 970 "-" "Mozilla/5.0 (Linux; Android 6.0.1; Nexus 5X Build/MMB29P) AppleWebKit/537.36 (KHTML, like Gecko) Chrome/150.0.7871.128 Mobile Safari/537.36 (compatible; Googlebot/2.1; +http://www.google.com/bot.html)"
66.249.77.36 - - [27/Jul/2026:19:24:07 -0300] "GET /application/plugins/module_imobles/uploads/temp/imobles_sugestoes_226_08_2021_16_32_28.pdf HTTP/1.1" 200 634475 "-" "Mozilla/5.0 (Linux; Android 6.0.1; Nexus 5X Build/MMB29P) AppleWebKit/537.36 (KHTML, like Gecko) Chrome/150.0.7871.128 Mobile Safari/537.36 (compatible; GoogleOther)"
66.249.77.35 - - [27/Jul/2026:19:53:45 -0300] "GET /application/plugins/module_imobles/uploads/enterprise/3815/images/ HTTP/1.1" 200 4220 "-" "Mozilla/5.0 (Linux; Android 6.0.1; Nexus 5X Build/MMB29P) AppleWebKit/537.36 (KHTML, like Gecko) Chrome/150.0.7871.128 Mobile Safari/537.36 (compatible; Googlebot/2.1; +http://www.google.com/bot.html)"
173.252.82.20 - - [27/Jul/2026:19:54:45 -0300] "GET /robots.txt HTTP/1.1" 404 - "-" "facebookexternalhit/1.1 (+http://www.facebook.com/externalhit_uatext.php)"
66.249.77.36 - - [27/Jul/2026:19:58:07 -0300] "GET /application/plugins/module_imobles/uploads/temp/imobles_sugestoes_205_08_2021_16_19_04.pdf HTTP/1.1" 200 635438 "-" "Mozilla/5.0 (Linux; Android 6.0.1; Nexus 5X Build/MMB29P) AppleWebKit/537.36 (KHTML, like Gecko) Chrome/150.0.7871.128 Mobile Safari/537.36 (compatible; GoogleOther)"
217.217.252.98 - - [27/Jul/2026:20:00:23 -0300] "GET / HTTP/1.1" 302 - "-" "Mozilla/5.0 (Macintosh, Intel Mac OS X 10_15_7) AppleWebKit/605.1.15 (KHTML, like Gecko) Version/16.1 Safari/605.1.15"
217.217.252.98 - - [27/Jul/2026:20:00:23 -0300] "GET / HTTP/1.1" 302 - "-" "Mozilla/5.0 (X11; Linux i686; rv:1.9.6.20) Gecko/ Firefox/14.0"
217.217.252.98 - - [27/Jul/2026:20:00:23 -0300] "GET / HTTP/1.1" 302 - "-" "Mozilla/5.0 (X11; Linux i686; rv:1.9.5.20) Gecko/ Firefox/3.6.12"
66.249.77.34 - - [27/Jul/2026:20:08:45 -0300] "GET /application/plugins/module_imobles/uploads/temp/imobles_sugestoes_213_08_2021_15_54_29.pdf HTTP/1.1" 200 974668 "-" "Mozilla/5.0 (Linux; Android 6.0.1; Nexus 5X Build/MMB29P) AppleWebKit/537.36 (KHTML, like Gecko) Chrome/150.0.7871.128 Mobile Safari/537.36 (compatible; Googlebot/2.1; +http://www.google.com/bot.html)"
34.147.88.45 - - [27/Jul/2026:20:08:50 -0300] "GET / HTTP/1.1" 302 - "-" "Scrapy/2.17.0 (+https://scrapy.org)"
34.147.88.45 - - [27/Jul/2026:20:08:52 -0300] "GET /?ng=login/ HTTP/1.1" 200 2429 "https://imobles.lrsys.com.br/" "Scrapy/2.17.0 (+https://scrapy.org)"
66.249.77.35 - - [27/Jul/2026:20:23:09 -0300] "GET /application/plugins/module_imobles/uploads/temp/imobles_sugestoes_612_05_2021_16_05_49.pdf HTTP/1.1" 200 111423 "-" "Mozilla/5.0 (Linux; Android 6.0.1; Nexus 5X Build/MMB29P) AppleWebKit/537.36 (KHTML, like Gecko) Chrome/150.0.7871.128 Mobile Safari/537.36 (compatible; GoogleOther)"
66.249.77.35 - - [27/Jul/2026:20:23:45 -0300] "GET /application/plugins/module_imobles/uploads/temp/imobles_sugestoes_224_08_2021_16_32_05.pdf HTTP/1.1" 200 720006 "-" "Mozilla/5.0 (Linux; Android 6.0.1; Nexus 5X Build/MMB29P) AppleWebKit/537.36 (KHTML, like Gecko) Chrome/150.0.7871.128 Mobile Safari/537.36 (compatible; Googlebot/2.1; +http://www.google.com/bot.html)"
66.249.77.35 - - [27/Jul/2026:20:38:48 -0300] "GET /application/plugins/module_imobles/uploads/temp/imobles_sugestoes_226_08_2021_16_32_28.pdf HTTP/1.1" 200 634475 "-" "Mozilla/5.0 (Linux; Android 6.0.1; Nexus 5X Build/MMB29P) AppleWebKit/537.36 (KHTML, like Gecko) Chrome/150.0.7871.128 Mobile Safari/537.36 (compatible; Googlebot/2.1; +http://www.google.com/bot.html)"
66.249.77.36 - - [27/Jul/2026:20:55:26 -0300] "GET /application/plugins/module_imobles/uploads/temp/imobles_sugestoes_206_08_2021_12_22_24.pdf HTTP/1.1" 200 392681 "-" "Mozilla/5.0 (Linux; Android 6.0.1; Nexus 5X Build/MMB29P) AppleWebKit/537.36 (KHTML, like Gecko) Chrome/150.0.7871.128 Mobile Safari/537.36 (compatible; Googlebot/2.1; +http://www.google.com/bot.html)"
66.249.77.36 - - [27/Jul/2026:21:12:05 -0300] "GET /application/plugins/module_imobles/uploads/enterprise/3815/ HTTP/1.1" 200 970 "-" "Mozilla/5.0 (Linux; Android 6.0.1; Nexus 5X Build/MMB29P) AppleWebKit/537.36 (KHTML, like Gecko) Chrome/150.0.7871.128 Mobile Safari/537.36 (compatible; Googlebot/2.1; +http://www.google.com/bot.html)"
66.249.77.35 - - [27/Jul/2026:21:28:45 -0300] "GET /application/plugins/module_imobles/uploads/temp/imobles_sugestoes_279327_09_2021_12_30_11.pdf HTTP/1.1" 200 737507 "-" "Mozilla/5.0 (Linux; Android 6.0.1; Nexus 5X Build/MMB29P) AppleWebKit/537.36 (KHTML, like Gecko) Chrome/150.0.7871.128 Mobile Safari/537.36 (compatible; Googlebot/2.1; +http://www.google.com/bot.html)"
92.168.8.163 - - [27/Jul/2026:21:48:49 -0300] "GET /application/plugins/module_imobles/uploads/enterprise/135/images/xxl/_51174add289045162370445310882905.jpg HTTP/1.1" 200 68046 "-" "Mozilla/5.0 (X11; Ubuntu; Linux x86_64; rv:72.0) Gecko/20100101 Firefox/72.0"
66.249.77.36 - - [27/Jul/2026:21:52:04 -0300] "GET /application/plugins/module_imobles/uploads/enterprise/38/images/ HTTP/1.1" 200 33485 "-" "Mozilla/5.0 (Linux; Android 6.0.1; Nexus 5X Build/MMB29P) AppleWebKit/537.36 (KHTML, like Gecko) Chrome/150.0.7871.128 Mobile Safari/537.36 (compatible; Googlebot/2.1; +http://www.google.com/bot.html)"
66.249.77.36 - - [27/Jul/2026:21:53:47 -0300] "GET /application/plugins/module_imobles/uploads/enterprise/3563/images/ HTTP/1.1" 200 10395 "-" "Mozilla/5.0 (Linux; Android 6.0.1; Nexus 5X Build/MMB29P) AppleWebKit/537.36 (KHTML, like Gecko) Chrome/150.0.7871.128 Mobile Safari/537.36 (compatible; Googlebot/2.1; +http://www.google.com/bot.html)"
114.119.130.95 - - [27/Jul/2026:22:20:16 -0300] "GET /application/plugins/module_imobles/uploads/enterprise/23/images/10055_97e48472702875162130901510077313.webp HTTP/1.1" 200 68450 "https://imobles.lrsys.com.br/application/plugins/module_imobles/uploads/enterprise/23/images/?C=M%3BO%3DA" "Mozilla/5.0 (Linux; Android 7.0;) AppleWebKit/537.36 (HTML, like Gecko) Mobile Safari/537.36 (compatible; PetalBot;+https://webmaster.petalsearch.com/site/petalbot)"
216.73.217.62 - - [27/Jul/2026:22:22:46 -0300] "GET /robots.txt HTTP/1.1" 404 - "-" "Mozilla/5.0 AppleWebKit/537.36 (KHTML, like Gecko; compatible; ClaudeBot/1.0; +claudebot@anthropic.com)"
216.73.217.62 - - [27/Jul/2026:22:23:00 -0300] "GET / HTTP/1.1" 302 - "-" "Mozilla/5.0 AppleWebKit/537.36 (KHTML, like Gecko; compatible; ClaudeBot/1.0; +claudebot@anthropic.com)"
216.73.217.62 - - [27/Jul/2026:22:23:02 -0300] "GET /?ng=login/ HTTP/1.1" 200 2429 "https://imobles.lrsys.com.br/" "Mozilla/5.0 AppleWebKit/537.36 (KHTML, like Gecko; compatible; ClaudeBot/1.0; +claudebot@anthropic.com)"
216.73.217.62 - - [27/Jul/2026:23:27:13 -0300] "GET /robots.txt HTTP/1.1" 404 - "-" "Mozilla/5.0 AppleWebKit/537.36 (KHTML, like Gecko; compatible; ClaudeBot/1.0; +claudebot@anthropic.com)"
216.73.217.62 - - [27/Jul/2026:23:27:21 -0300] "GET / HTTP/1.1" 302 - "-" "Mozilla/5.0 AppleWebKit/537.36 (KHTML, like Gecko; compatible; ClaudeBot/1.0; +claudebot@anthropic.com)"
216.73.217.62 - - [27/Jul/2026:23:27:21 -0300] "GET /?ng=login/ HTTP/1.1" 200 2429 "https://imobles.lrsys.com.br/" "Mozilla/5.0 AppleWebKit/537.36 (KHTML, like Gecko; compatible; ClaudeBot/1.0; +claudebot@anthropic.com)"
66.249.77.35 - - [27/Jul/2026:23:28:09 -0300] "GET /application/plugins/module_imobles/uploads/temp/imobles_sugestoes_218_06_2021_13_07_07.pdf HTTP/1.1" 304 - "-" "Mozilla/5.0 (Linux; Android 6.0.1; Nexus 5X Build/MMB29P) AppleWebKit/537.36 (KHTML, like Gecko) Chrome/150.0.7871.128 Mobile Safari/537.36 (compatible; Googlebot/2.1; +http://www.google.com/bot.html)"
66.249.77.36 - - [27/Jul/2026:23:54:22 -0300] "GET /application/plugins/module_imobles/uploads/enterprise/38/images/lrg/ HTTP/1.1" 200 8740 "-" "Mozilla/5.0 (Linux; Android 6.0.1; Nexus 5X Build/MMB29P) AppleWebKit/537.36 (KHTML, like Gecko) Chrome/150.0.7871.128 Mobile Safari/537.36 (compatible; GoogleOther)"
114.119.158.6 - - [27/Jul/2026:23:57:16 -0300] "GET /application/plugins/module_imobles/uploads/enterprise/74/images/14156_fb4c4860379811162197857610078025.webp HTTP/1.1" 200 36544 "https://imobles.lrsys.com.br/application/plugins/module_imobles/uploads/enterprise/74/images/?C=D%3BO%3DA" "Mozilla/5.0 (Linux; Android 7.0;) AppleWebKit/537.36 (HTML, like Gecko) Mobile Safari/537.36 (compatible; PetalBot;+https://webmaster.petalsearch.com/site/petalbot)"
66.249.77.35 - - [27/Jul/2026:23:58:08 -0300] "GET /application/plugins/module_imobles/uploads/enterprise/2459/images/ HTTP/1.1" 200 15432 "-" "Mozilla/5.0 (Linux; Android 6.0.1; Nexus 5X Build/MMB29P) AppleWebKit/537.36 (KHTML, like Gecko) Chrome/150.0.7871.128 Mobile Safari/537.36 (compatible; Googlebot/2.1; +http://www.google.com/bot.html)"
114.119.153.118 - - [27/Jul/2026:23:58:41 -0300] "GET /application/plugins/module_imobles/uploads/enterprise/28/images/13724_c0f971d8071008162131792410684569.webp HTTP/1.1" 200 75400 "https://imobles.lrsys.com.br/application/plugins/module_imobles/uploads/enterprise/28/images/?C=S%3BO%3DA" "Mozilla/5.0 (Linux; Android 7.0;) AppleWebKit/537.36 (HTML, like Gecko) Mobile Safari/537.36 (compatible; PetalBot;+https://webmaster.petalsearch.com/site/petalbot)"
114.119.159.61 - - [28/Jul/2026:00:00:04 -0300] "GET /application/plugins/module_imobles/uploads/enterprise/148/images/19042_4fe51490852942162199562510883060.webp HTTP/1.1" 200 13726 "https://imobles.lrsys.com.br/application/plugins/module_imobles/uploads/enterprise/148/images/?C=S%3BO%3DA" "Mozilla/5.0 (Linux; Android 7.0;) AppleWebKit/537.36 (HTML, like Gecko) Mobile Safari/537.36 (compatible; PetalBot;+https://webmaster.petalsearch.com/site/petalbot)"
66.249.77.34 - - [28/Jul/2026:00:28:13 -0300] "GET /application/plugins/module_imobles/uploads/temp/imobles_sugestoes_209_08_2021_10_52_04.pdf HTTP/1.1" 304 - "-" "Mozilla/5.0 (Linux; Android 6.0.1; Nexus 5X Build/MMB29P) AppleWebKit/537.36 (KHTML, like Gecko) Chrome/150.0.7871.128 Mobile Safari/537.36 (compatible; Googlebot/2.1; +http://www.google.com/bot.html)"
66.249.77.34 - - [28/Jul/2026:00:31:52 -0300] "GET /application/plugins/module_imobles/uploads/enterprise/38/images/thumb/ HTTP/1.1" 200 3746 "-" "Mozilla/5.0 (Linux; Android 6.0.1; Nexus 5X Build/MMB29P) AppleWebKit/537.36 (KHTML, like Gecko) Chrome/150.0.7871.128 Mobile Safari/537.36 (compatible; GoogleOther)"
66.249.77.34 - - [28/Jul/2026:01:09:24 -0300] "GET /application/plugins/module_imobles/uploads/enterprise/38/images/med/ HTTP/1.1" 200 8740 "-" "Mozilla/5.0 (Linux; Android 6.0.1; Nexus 5X Build/MMB29P) AppleWebKit/537.36 (KHTML, like Gecko) Chrome/150.0.7871.128 Mobile Safari/537.36 (compatible; GoogleOther)"
66.249.77.34 - - [28/Jul/2026:01:46:56 -0300] "GET /application/plugins/module_imobles/uploads/enterprise/14778/images/ HTTP/1.1" 200 1669 "-" "Mozilla/5.0 (Linux; Android 6.0.1; Nexus 5X Build/MMB29P) AppleWebKit/537.36 (KHTML, like Gecko) Chrome/150.0.7871.128 Mobile Safari/537.36 (compatible; GoogleOther)"
66.249.77.36 - - [28/Jul/2026:02:11:08 -0300] "GET /application/plugins/module_imobles/uploads/temp/imobles_sugestoes_333111_10_2021_16_21_48.pdf HTTP/1.1" 200 495272 "-" "Mozilla/5.0 (Linux; Android 6.0.1; Nexus 5X Build/MMB29P) AppleWebKit/537.36 (KHTML, like Gecko) Chrome/150.0.7871.128 Mobile Safari/537.36 (compatible; Googlebot/2.1; +http://www.google.com/bot.html)"
66.249.77.35 - - [28/Jul/2026:02:24:28 -0300] "GET /application/plugins/module_imobles/uploads/enterprise/527/ HTTP/1.1" 200 968 "-" "Mozilla/5.0 (Linux; Android 6.0.1; Nexus 5X Build/MMB29P) AppleWebKit/537.36 (KHTML, like Gecko) Chrome/150.0.7871.128 Mobile Safari/537.36 (compatible; GoogleOther)"
66.249.77.34 - - [28/Jul/2026:02:54:07 -0300] "GET /application/plugins/module_imobles/uploads/temp/imobles_sugestoes_210_06_2021_13_51_46.pdf HTTP/1.1" 200 219597 "-" "Mozilla/5.0 (Linux; Android 6.0.1; Nexus 5X Build/MMB29P) AppleWebKit/537.36 (KHTML, like Gecko) Chrome/150.0.7871.128 Mobile Safari/537.36 (compatible; Googlebot/2.1; +http://www.google.com/bot.html)"
114.119.139.102 - - [28/Jul/2026:03:07:07 -0300] "GET /application/plugins/module_imobles/uploads/enterprise/112/images/20146_4ae1e2b0797257162199881310807036.webp HTTP/1.1" 200 8438 "https://imobles.lrsys.com.br/application/plugins/module_imobles/uploads/enterprise/112/images/?C=D%3BO%3DA" "Mozilla/5.0 (Linux; Android 7.0;) AppleWebKit/537.36 (HTML, like Gecko) Mobile Safari/537.36 (compatible; PetalBot;+https://webmaster.petalsearch.com/site/petalbot)"
66.249.77.35 - - [28/Jul/2026:03:36:59 -0300] "GET /application/plugins/module_imobles/uploads/enterprise/3666/images/ HTTP/1.1" 200 17599 "-" "Mozilla/5.0 (Linux; Android 6.0.1; Nexus 5X Build/MMB29P) AppleWebKit/537.36 (KHTML, like Gecko) Chrome/150.0.7871.128 Mobile Safari/537.36 (compatible; GoogleOther)"
114.119.153.118 - - [28/Jul/2026:03:42:37 -0300] "GET /application/plugins/module_imobles/uploads/enterprise/187/images/9017_0d82627e074362162130648310475908.webp HTTP/1.1" 200 18798 "https://imobles.lrsys.com.br/application/plugins/module_imobles/uploads/enterprise/187/images/?C=M%3BO%3DA" "Mozilla/5.0 (Linux; Android 7.0;) AppleWebKit/537.36 (HTML, like Gecko) Mobile Safari/537.36 (compatible; PetalBot;+https://webmaster.petalsearch.com/site/petalbot)"
114.119.130.95 - - [28/Jul/2026:04:32:49 -0300] "GET /application/plugins/module_imobles/uploads/enterprise/66/images/lrg/_3335881e873755162194946910826189.webp HTTP/1.1" 200 25482 "https://imobles.lrsys.com.br/application/plugins/module_imobles/uploads/enterprise/66/images/lrg/?C=M%3BO%3DA" "Mozilla/5.0 (Linux; Android 7.0;) AppleWebKit/537.36 (HTML, like Gecko) Mobile Safari/537.36 (compatible; PetalBot;+https://webmaster.petalsearch.com/site/petalbot)"
114.119.159.61 - - [28/Jul/2026:04:51:18 -0300] "GET /application/plugins/module_imobles/uploads/enterprise/90/images/14792_aac93371815636162198094110964886.webp HTTP/1.1" 200 44890 "https://imobles.lrsys.com.br/application/plugins/module_imobles/uploads/enterprise/90/images/?C=S%3BO%3DA" "Mozilla/5.0 (Linux; Android 7.0;) AppleWebKit/537.36 (HTML, like Gecko) Mobile Safari/537.36 (compatible; PetalBot;+https://webmaster.petalsearch.com/site/petalbot)"
114.119.130.95 - - [28/Jul/2026:04:52:41 -0300] "GET /application/plugins/module_imobles/uploads/enterprise/161/images/thumb/_89f03f7d688746162370895910767798.webp HTTP/1.1" 200 3046 "https://imobles.lrsys.com.br/application/plugins/module_imobles/uploads/enterprise/161/images/thumb/?C=N%3BO%3DD" "Mozilla/5.0 (Linux; Android 7.0;) AppleWebKit/537.36 (HTML, like Gecko) Mobile Safari/537.36 (compatible; PetalBot;+https://webmaster.petalsearch.com/site/petalbot)"
205.210.31.45 - - [28/Jul/2026:05:14:45 -0300] "GET / HTTP/1.1" 302 - "-" "Hello from Palo Alto Networks, find out more about our scans in https://docs-cortex.paloaltonetworks.com/r/1/Cortex-Xpanse/Scanning-activity"
205.210.31.45 - - [28/Jul/2026:05:14:49 -0300] "GET /?ng=login/ HTTP/1.1" 200 2429 "-" "Hello from Palo Alto Networks, find out more about our scans in https://docs-cortex.paloaltonetworks.com/r/1/Cortex-Xpanse/Scanning-activity"
66.249.77.35 - - [28/Jul/2026:05:49:09 -0300] "GET /application/plugins/module_imobles/uploads/temp/imobles_sugestoes_205_10_2021_19_27_28.pdf HTTP/1.1" 200 476809 "-" "Mozilla/5.0 (Linux; Android 6.0.1; Nexus 5X Build/MMB29P) AppleWebKit/537.36 (KHTML, like Gecko) Chrome/150.0.7871.128 Mobile Safari/537.36 (compatible; GoogleOther)"
114.119.130.152 - - [28/Jul/2026:06:17:23 -0300] "GET /application/plugins/module_imobles/uploads/enterprise/112/images/_768e7802778320162195100410181077.webp HTTP/1.1" 200 218320 "https://imobles.lrsys.com.br/application/plugins/module_imobles/uploads/enterprise/112/images/?C=D%3BO%3DA" "Mozilla/5.0 (Linux; Android 7.0;) AppleWebKit/537.36 (HTML, like Gecko) Mobile Safari/537.36 (compatible; PetalBot;+https://webmaster.petalsearch.com/site/petalbot)"
114.119.130.95 - - [28/Jul/2026:06:18:45 -0300] "GET /?ng=admin/ HTTP/1.1" 200 2429 "https://imobles.lrsys.com.br/?ng=admin/forgot-pw/" "Mozilla/5.0 (Linux; Android 7.0;) AppleWebKit/537.36 (HTML, like Gecko) Mobile Safari/537.36 (compatible; PetalBot;+https://webmaster.petalsearch.com/site/petalbot)"

Anon7 - 2022
AnonSec Team